 t(1) is divided by 18?
15
Let b(q) = q**2 + q - 1. Let x be b(0). Suppose -1186 - 1840 = -89*r. Calculate the remainder when ((-96)/18)/(x/12) is divided by r.
30
Let t(g) = 24*g + 34. Let k be t(11). Let d = k - 238. What is the remainder when d is divided by 21?
18
Let u(b) = 12*b + 1254. What is the remainder when 8005 is divided by u(-103)?
13
Let h = -12129 - -12369. What is the remainder when h is divided by 42?
30
Let q(l) = -260*l**3 - 4*l**2 + l + 4. What is the remainder when q(-1) is divided by 3?
1
Suppose -3 = -2*p + g + 4, 4 = 4*p - 4*g. Suppose -p*j - 19 = -7*j. Let h(i) = -i + 34. Calculate the remainder when 27 is divided by h(j).
12
Let p = 175 + -172. Suppose a = p, -5*v + a + 194 + 333 = 0. Calculate the remainder when v is divided by 27.
25
Let j(q) = -2*q + 1. Let y be j(-1). Suppose -t - y*t = -88. What is the remainder when 6/4*126*(-20)/(-60) is divided by t?
19
Let y = 13 - 9. Suppose 32 = y*s - 32. Let b(f) = 10*f**3 - 582*f**2 + 114*f + 241. Calculate the remainder when b(58) is divided by s.
13
Suppose -w = -5*t + 31905, -158*t + 156*t - w = -12762. What is the remainder when t is divided by 84?
81
Suppose 3*r = -3*y + 102, -3*r + 4*y + 197 = 2*r. Let z be (4 + 85/(-15))*6. Calculate the remainder when ((-36)/z)/(6/180) is divided by r.
34
Suppose 4*h = 5*i + 6567, -5900 = -3*h - 3*i - 995. What is the remainder when h is divided by 47?
40
Let g be 2/(-16) - (-2 - (-866)/(-16)). Suppose 2*s = 9*s - g. What is the remainder when 63 is divided by s?
7
Let p = -351 - -350. Calculate the remainder when (4780/40)/((-6)/(-4) + p) is divided by 62.
53
Let m(x) = 39*x + 44. Let o be m(-1). Suppose -3*f - 474 = -o*f. What is the remainder when f is divided by 60?
57
Suppose 368 = -42*z + 44*z + 3*x, -x - 708 = -4*z. What is the remainder when z is divided by (58 - 0)/1 + 4?
54
Let j = 289 - 698. Let l = 471 + j. Calculate the remainder when 246 is divided by l.
60
Let o(m) = 2*m**3 + 13*m**2 - 191*m - 1112. Let j be 0*(-2)/(4/(-2)). Suppose j = z + z - 72. What is the remainder when o(-6) is divided by z?
34
Suppose 20 = 4*f + f. Let p = -70 + 254. Suppose -77*n + 85*n - p = 0. What is the remainder when n is divided by f?
3
Let n(j) = 19*j + 31. Calculate the remainder when 598 is divided by n(-1).
10
Let b = 14 - -31. Calculate the remainder when 72 is divided by b/(-105) + (-272)/(-14).
15
Let a(b) = -b**2 - 3*b + 13. Let s(m) = 2*m**2 + 6*m - 27. Let y(u) = -5*a(u) - 2*s(u). What is the remainder when 35 is divided by y(-6)?
0
Suppose -12*k + 3*k = 1548. What is the remainder when 262 is divided by k/(1 + -5) - -1?
42
Suppose 24*a + 100570 = 100834. What is the remainder when a is divided by (0 + -12)*(-3)/6?
5
Let b = -66 - -157. Suppose 3*w + b = 10*w. Let f = -11 - -15. Calculate the remainder when w is divided by f.
1
Suppose 0 = 4*h + 4, 3*c - 2526 = -3*h + 177. Calculate the remainder when c is divided by 181.
178
Let j = 4006 - 2538. Calculate the remainder when 2938 is divided by j.
2
Let x(i) = i**2 + 8*i + 25. Let o be x(-10). Calculate the remainder when (-82)/(-3) + (o/5)/(-27) is divided by 6.
3
Suppose x + 3*u - 87 = 0, -u + 601 + 72 = 8*x. What is the remainder when 5795 is divided by x?
83
Let o(f) = -13*f + 0*f + 6*f + 24. Let s be o(7). Let i = s - -43. Calculate the remainder when 196 is divided by i.
16
Let z = 7 + -1. Suppose 16*o + z = 18*o. Suppose -40 = -o*d + r, -d + 3*r = -6*d + 90. Calculate the remainder when d is divided by 5.
0
Let u = 7569 + -7544. What is the remainder when 597 is divided by u?
22
Suppose -4*y = -4*r - 4, 8*y - 4*y = -4*r + 20. Suppose -y*m = m + s - 78, 23 = m + 2*s. What is the remainder when m is divided by 5?
4
Let t be 14/(-3)*24/(-28). Suppose t*l - 38 = -30, -2*l - 224 = -3*x. Calculate the remainder when x is divided by 26.
24
Let r = -5345 + 5757. What is the remainder when r is divided by 36?
16
Suppose 3*r - 16 = -4. Let c(y) = 8*y. Calculate the remainder when c(r) is divided by 28.
4
Suppose 6*y = 1369 - 49. Let a = -216 + y. Calculate the remainder when 27 is divided by a.
3
Let z(y) = 5*y - 2. Let s = 435 - 257. Let a = s - 89. Calculate the remainder when a is divided by z(5).
20
Let a(m) = m**3 + 11*m**2 + 26*m - 14. Let g be -3 + -1 - (-3 - (-12 + 8)). Let n(l) = 4*l - 3. What is the remainder when a(g) is divided by n(2)?
1
Let z(d) = d**3 - 58*d**2 + 44*d + 825. What is the remainder when 661 is divided by z(57)?
73
Let a = 25205 + -16666. What is the remainder when a is divided by 61?
60
Suppose -248 = -22*q + 126. What is the remainder when 11167 is divided by q?
15
Suppose -594 = 18*z - 1674. Let x(d) be the third derivative of -d**4/12 + 7*d**3/6 - 12*d**2. What is the remainder when z is divided by x(-5)?
9
Suppose 5*m - 12 = -m. Calculate the remainder when m/3*17/(119/1848) is divided by 45.
41
Let m = 44 + -44. Suppose -4 = -4*a + 5*o + 58, m = -4*a + 4*o + 64. Suppose 54 = 6*r - a. Calculate the remainder when r is divided by 6.
0
Let n(r) = 229*r - 2441. Calculate the remainder when 1949 is divided by n(11).
77
Let x = 77 - 69. What is the remainder when -2 + 3 + 80 + -7 + x is divided by 15?
7
Let b = -18 + 140. Let f(h) be the second derivative of -h**5/20 + 2*h**4/3 + h**3/6 + 17*h**2/2 - 58*h. What is the remainder when b is divided by f(8)?
22
Let h(r) = -r**2 - 8*r - 2. Let s = 1623 + -130. Let x = s + -1442. What is the remainder when x is divided by h(-4)?
9
Suppose -3*o - 235 = 71. Let d = o - -125. Let a(b) = 8*b + 12. Calculate the remainder when a(7) is divided by d.
22
Suppose 5*z + 3*x = 627, 0 = -3*x + 9 + 3. Calculate the remainder when z is divided by 11.
2
Let u(g) = 2*g**2 + 8*g - 23. Let m be u(8). Suppose 3*b = 2*j - 78, j - 6*j + m = -b. Calculate the remainder when 65 is divided by j.
32
Calculate the remainder when 331*2*(-8)/4*(-20 + 19) is divided by 659.
6
Let l(f) = -f**2 - 11*f - 4. Suppose c = 4*p + 3*c - 8, 4*p + c = 6. Let j(s) = 98*s - 27. What is the remainder when j(p) is divided by l(-7)?
23
Let o = 17272 - 9875. What is the remainder when o is divided by 49?
47
Let f = -6 + 10. Calculate the remainder when -1 + 26 - (-128 + 11040/80) is divided by f.
3
Let y = -3871 - -3893. Calculate the remainder when 545 is divided by y.
17
Suppose -3*n - 60 = -7*n. Suppose 33*d - 1085 = 2*d. Suppose -2*a - d = -t, -5*t + 253 = -4*a + 60. Calculate the remainder when t is divided by n.
11
Let d = -10 - -21. Let l(v) = 5*v - 24. Calculate the remainder when (-1 + -1)/((-1)/46) is divided by l(d).
30
Suppose w - 55 - 69 = -2*d, 5*d = 4*w + 362. Calculate the remainder when 4550 is divided by d.
62
Suppose -4*q - 47*z + 180 = -45*z, -4*q - 5*z = -186. Calculate the remainder when 1077 is divided by q.
21
Let b(a) = a**3 + 9*a**2 + 11*a - 7. Suppose -13 = -i + 27. What is the remainder when b(5) is divided by i?
38
Let a(t) = -280*t**2 + 3*t + 2. Let w be a(-1). Let i = 375 + w. Let j = 19 + 5. Calculate the remainder when i is divided by j.
22
Let n(x) = x**3 + 10*x**2 + 11*x + 102. Let i be n(-10). Let o(s) = 2*s**2 + 6*s - 67. Calculate the remainder when 42 is divided by o(i).
3
Let j(r) = 6*r - 39. Let x be j(23). Suppose o - 5*f + 0*f - 57 = 0, -x = -2*o - 5*f. What is the remainder when 100 is divided by o/(-1)*5/(-10)?
22
Suppose -2*s + 154 = -5*g - 292, 0 = -2*s + g + 438. Calculate the remainder when s is divided by 12.
2
Suppose 3*k = v - 18, -4*v = -0*v - k - 39. Let x be (3/v)/(2/(1 - -11)). Calculate the remainder when 27 is divided by x*(1 - -3) + (-1 - 0).
6
Suppose 3717 = 74*j + 1627 - 1832. Suppose 3*i - 6 = 0, 2*i = -3*o - 0*i + 478. Calculate the remainder when o is divided by j.
52
Let j be (285/10)/(6/12). Suppose 811 = 8*f - 157. Calculate the remainder when f is divided by -2*15/(-6) + j.
59
Let b = -36 + 39. Let h be 1/(1152/5610 - 2/10). Suppose 1 = -b*t + h. What is the remainder when t is divided by 16?
14
Let x = -91 + 169. Suppose -13*v = 7*v - 25*v + 740. What is the remainder when v is divided by x?
70
Suppose -t + 3 = -u - 62, 129 = 2*t - 3*u. What is the remainder when 394 is divided by t?
64
What is the remainder when 365 is divided by (-3)/1 + 180 + (-48)/(-360)*-15?
15
Let y(t) = -t**2 + 9*t - 2. Let m be y(4). Let p = -10 + m. Suppose -2*d = d - 63. Calculate the remainder when d 